e number?
True
Is 46906997 a prime number?
True
Is 548421409 a prime number?
False
Is 1936703 a composite number?
True
Is 4629283 a composite number?
False
Is 8716373 a composite number?
False
Is 149837 composite?
False
Is 20009191 prime?
False
Is 30613321 composite?
False
Is 5641289 a prime number?
False
Is 14554387 composite?
False
Is 22504691 a prime number?
False
Is 20765009 a prime number?
False
Is 151763479 a prime number?
False
Is 500083 a prime number?
True
Is 14433113 prime?
False
Is 39107591 a prime number?
True
Is 1514609947 composite?
True
Is 142907711 composite?
False
Is 970297 a prime number?
True
Is 1082887 a composite number?
True
Is 192347959 prime?
True
Is 162815291 composite?
False
Is 733591 a composite number?
False
Is 960931 a composite number?
False
Is 199118197 a prime number?
True
Is 201598159 composite?
True
Is 6911987 a composite number?
False
Is 3725347 a prime number?
True
Is 17719211 prime?
True
Is 1637549 a composite number?
False
Is 2065853 composite?
True
Is 1222020494 composite?
True
Is 22589165 a prime number?
False
Is 15500494 a composite number?
True
Is 2508619 prime?
True
Is 914489 composite?
True
Is 1055303 a composite number?
False
Is 44576689 a composite number?
False
Is 66982483 a composite number?
False
Is 249703 composite?
False
Is 997697 a prime number?
False
Is 1533181 prime?
False
Is 85304117 prime?
False
Is 25964023 a composite number?
False
Is 16057799 composite?
False
Is 822131 composite?
False
Is 4339691 a prime number?
False
Is 570073 a composite number?
True
Is 8735113 composite?
False
Is 168661 composite?
True
Is 1891243 a prime number?
True
Is 23867743 a composite number?
True
Is 243911 a composite number?
False
Is 983083 a prime number?
True
Is 12602841 composite?
True
Is 1807113119 prime?
False
Is 10633999 a prime number?
True
Is 8938997 a composite number?
False
Is 2885219 a composite number?
False
Is 263207363 a composite number?
False
Is 36840739 composite?
True
Is 25186523 a prime number?
True
Is 967238 a composite number?
True
Is 3086155 a prime number?
False
Is 39786041 a prime number?
False
Is 170347285 composite?
True
Is 191987441 a composite number?
False
Is 601827449 composite?
False
Is 8285413 a prime number?
False
Is 37409369 composite?
True
Is 2113003 a prime number?
True
Is 79670117 composite?
False
Is 5062007 composite?
True
Is 2054683 composite?
True
Is 1428424549 a composite number?
False
Is 33129973 a prime number?
True
Is 54802019 a prime number?
True
Is 42066227 a prime number?
False
Is 52090589 a prime number?
True
Is 50570633 a composite number?
True
Is 369392591 a prime number?
False
Is 160271 a composite number?
True
Is 118677803 a prime number?
True
Is 300495283 a prime number?
False
Is 329057 prime?
False
Is 38705 composite?
True
Is 273269 a prime number?
True
Is 140546699 prime?
False
Is 4111691 composite?
True
Is 191413 a prime number?
True
Is 2249909 prime?
False
Is 192298 composite?
True
Is 18237281 prime?
True
Is 49488767 prime?
False
Is 1164367 a composite number?
False
Is 6996309 a prime number?
False
Is 460181 composite?
False
Is 1554569 composite?
False
Is 84303785 a composite number?
True
Is 2513941 a prime number?
True
Is 1178297 a prime number?
True
Is 29045399 composite?
False
Is 492616711 a composite number?
False
Is 59142641 a prime number?
False
Is 2123441 a composite number?
True
Is 1264085 a composite number?
True
Is 93425161 prime?
True
Is 83294151 composite?
True
Is 319811 a prime number?
True
Is 848417 a composite number?
False
Is 289994855 a composite number?
True
Is 456949 composite?
False
Is 57658891 composite?
True
Is 32825263 a composite number?
True
Is 24914207 a prime number?
False
Is 117656785 composite?
True
Is 42158797 composite?
True
Is 326412347 composite?
True
Is 144923899 prime?
True
Is 2659439 composite?
False
Is 7327469 a composite number?
False
Is 3144157 a composite number?
False
Is 10780851 a composite number?
True
Is 242064391 a prime number?
True
Is 3122789 composite?
True
Is 355258643 prime?
True
Is 5226553 composite?
False
Is 1377169 composite?
False
Is 3813689 a composite number?
True
Is 13779941 composite?
True
Is 4778005 prime?
False
Is 3566921 a composite number?
True
Is 955311341 prime?
True
Is 20503103 composite?
True
Is 128527889 a composite number?
True
Is 36288781 a composite number?
False
Is 149049553 a composite number?
False
Is 20085673 a prime number?
False
Is 696920279 a prime number?
False
Is 68293 composite?
True
Is 8525369 composite?
True
Is 8714201 a prime number?
False
Is 461238269 composite?
False
Is 534553 a prime number?
True
Is 254771497 composite?
False
Is 80079529 prime?
True
Is 2931109 a prime number?
False
Is 25891841 a composite number?
False
Is 638347 prime?
True
Is 220092947 a composite number?
False
Is 787573 a composite number?
False
Is 2812717 a composite number?
False
Is 29565779 a prime number?
True
Is 20346811 prime?
True
Is 22111 prime?
True
Is 2987107 a composite number?
True
Is 599423 composite?
True
Is 6471949 composite?
True
Is 17916469 prime?
True
Is 17785106 a prime number?
False
Is 57890639 composite?
False
Is 5833307 composite?
True
Is 393243307 composite?
False
Is 3786809 prime?
False
Is 6660613 composite?
False
Is 2652227 composite?
True
Is 849463 a prime number?
False
Is 3567409 composite?
True
Is 10618969 a prime number?
True
Is 13395283 a prime number?
False
Is 3284371 prime?
True
Is 438228199 a prime number?
True
Is 10936009 a composite number?
True
Is 39504707 a composite number?
True
Is 8664863 composite?
False
Is 438931 composite?
True
Is 38958229 prime?
True
Is 6837717 a prime number?
False
Is 2108927 composite?
False
Is 2001397 a composite number?
False
Is 19537823 prime?
True
Is 19390559 prime?
True
Is 144706 prime?
False
Is 601733945 a prime number?
False
Is 3410383 a prime number?
True
Is 21296981 prime?
True
Is 37119205 prime?
False
Is 68059297 prime?
True
Is 797321 a prime number?
False
Is 1479043 a composite number?
True
Is 8754661 a composite number?
True
Is 91798391 a prime number?
False
Is 79562629 prime?
True
Is 6509339 a composite number?
True
Is 10905571 a composite number?
True
Is 114268979 composite?
True
Is 15914489 composite?
False
Is 41132519 composite?
False
Is 42823835 a prime number?
False
Is 46673777 a prime number?
True
Is 3427841 a prime number?
False
Is 134333689 prime?
False
Is 180566147 prime?
True
Is 11517617 a composite number?
False
Is 63076331 a prime number?
True
Is 7015618 composite?
True
Is 224489509 a prime number?
False
Is 16711249 a composite number?
True
Is 236997521 prime?
False
Is 54487045 a prime number?
False
Is 24253283 a composite number?
True
Is 214293169 a prime number?
True
Is 6169921 a prime number?
True
Is 65653279 prime?
False
Is 9433117 a composite number?
True
Is 86384789 a composite number?
True
Is 201774413 composite?
False
Is 33546341 prime?
False
Is 7082899 composite?
False
Is 10879361 composite?
False
Is 5508407 a prime number?
False
Is 17702291 a prime number?
True
Is 29567 a composite number?
False
Is 12920305 a prime number?
False
Is 330557 a composite number?
False
Is 19382017 a prime number?
True
Is 572809 a prime number?
False
Is 5011423 a prime number?
False
Is 363214209 a composite number?
True
Is 981263 prime?
True
Is 628484459 a composite number?
False
Is 12079399 a composite number?
True
Is 376314131 composite?
False
Is 2780398 composite?
True
Is 186355558 a composite number?
True
Is 61296119 composite?
False
Is 492198647 prime?
True
Is 34601999 composite?
False
Is 2852363 a prime number?
False
Is 39543019 prime?
False
Is 161677093 a composite number?
False
Is 6499537 a prime number?
False
Is 16731523 a composite number?
False
Is 872359 a composite number?
True
Is 693393 a prime number?
False
Is 27531359 composite?
True
Is 150886709 a composite number?
False
Is 1509643 a composite number?
False
Is 145722469 composite?
False
Is 2509561 composite?
False
Is 363161 prime?
True
Is 870119 composite?
True
Is 198972493 a composite number?
True
Is 21529393 a composite number?
False
Is 3643853 prime?
True
Is 340108499 prime?
True
Is 188527243 a composite number?
True
Is 3175259 a composite number?
False
Is 151529 a prime number?
False
Is 4598785 a prime number?
False
Is 7739029 a composite number?
True
I